{"id":6,"date":"2021-03-09T10:41:04","date_gmt":"2021-03-09T10:41:04","guid":{"rendered":"http:\/\/www.wyjazd-integracyjny.com.pl\/?page_id=6"},"modified":"2021-03-09T10:41:35","modified_gmt":"2021-03-09T10:41:35","slug":"o-nas","status":"publish","type":"page","link":"https:\/\/www.wyjazd-integracyjny.com.pl\/index.php\/o-nas\/","title":{"rendered":"O mnie"},"content":{"rendered":"\n<p>Witaj na tej stronie dla os\u00f3b pracuj\u0105cych w departamentach szkole\u0144. W niedalekiej przysz\u0142o\u015bci umieszcz\u0119 w tym miejscu informacj\u0119 jak polepszy\u0107 wsp\u00f3\u0142prac\u0119 w zespole. Do zobaczenia<\/p>\n","protected":false},"excerpt":{"rendered":"<p>Witaj na tej stronie dla os\u00f3b pracuj\u0105cych w departamentach szkole\u0144. W niedalekiej przysz\u0142o\u015bci umieszcz\u0119 w tym miejscu informacj\u0119 jak polepszy\u0107 wsp\u00f3\u0142prac\u0119 w zespole. Do zobaczenia<\/p>\n","protected":false},"author":1,"featured_media":0,"parent":0,"menu_order":0,"comment_status":"closed","ping_status":"closed","template":"","meta":{"footnotes":""},"class_list":["post-6","page","type-page","status-publish","hentry"],"_links":{"self":[{"href":"https:\/\/www.wyjazd-integracyjny.com.pl\/index.php\/wp-json\/wp\/v2\/pages\/6","targetHints":{"allow":["GET"]}}],"collection":[{"href":"https:\/\/www.wyjazd-integracyjny.com.pl\/index.php\/wp-json\/wp\/v2\/pages"}],"about":[{"href":"https:\/\/www.wyjazd-integracyjny.com.pl\/index.php\/wp-json\/wp\/v2\/types\/page"}],"author":[{"embeddable":true,"href":"https:\/\/www.wyjazd-integracyjny.com.pl\/index.php\/wp-json\/wp\/v2\/users\/1"}],"replies":[{"embeddable":true,"href":"https:\/\/www.wyjazd-integracyjny.com.pl\/index.php\/wp-json\/wp\/v2\/comments?post=6"}],"version-history":[{"count":2,"href":"https:\/\/www.wyjazd-integracyjny.com.pl\/index.php\/wp-json\/wp\/v2\/pages\/6\/revisions"}],"predecessor-version":[{"id":18,"href":"https:\/\/www.wyjazd-integracyjny.com.pl\/index.php\/wp-json\/wp\/v2\/pages\/6\/revisions\/18"}],"wp:attachment":[{"href":"https:\/\/www.wyjazd-integracyjny.com.pl\/index.php\/wp-json\/wp\/v2\/media?parent=6"}],"curies":[{"name":"wp","href":"https:\/\/api.w.org\/{rel}","templated":true}]}}